s - 4*l = 0, -d*s - 2*l + 0 - 2 = 0. What are the prime factors of s/(-3*1/15)?
5
Let o(j) = -9*j - 20. Suppose -13 = 3*d + 14. What are the prime factors of o(d)?
61
Suppose 78 = -3*c - 3*u, -4*u + 5 - 13 = 0. Let x = -19 - 1. Let h = x - c. List the prime factors of h.
2
Let h(o) = -o**3 + 144. Suppose 5*x + k - 5 = x, 0 = -3*x + 2*k - 10. What are the prime factors of h(x)?
2, 3
Let s = 397 + -283. Suppose -3*r = -0*r - s. Suppose -6*p = -4*p - r. List the prime factors of p.
19
Suppose p = -x + 341, 6*x + 1023 = 3*p + 4*x. What are the prime factors of p?
11, 31
Suppose -8*g = -4*g. Let n(d) = 5*d - 12. Let c be n(5). Let k = c - g. List the prime factors of k.
13
Let d = 4 - 1. Let z = 104 + -96. List the prime factors of (9 + z/(-4))*d.
3, 7
Let g(c) = 186*c - 9. What are the prime factors of g(5)?
3, 307
Let s = 67 - 68. What are the prime factors of 4/(-10) + 628/20 + s?
2, 3, 5
Let c be (4 - (-6)/(-6)) + 383/1. List the prime factors of c*(6/(-48))/((-2)/8).
193
Suppose 2*t = 715 + 101. Suppose 3*k - 3*c + c = 292, -4*k - 2*c = -t. What are the prime factors of k?
2, 5
Let o be 2 - 10*-1*1. Let k be 16/o*(-6)/(-4). What are the prime factors of -6*((-22)/3 + k)?
2
Let g(a) = a**2 - 21*a + 31. Suppose 5*h - 88 = h. What are the prime factors of g(h)?
53
Let o = -540 - -97. Let r = o - -123. What are the prime factors of r/(-12) - (-2)/6?
3
Let d be (-68)/(-20) + 10/(-25). Suppose -76 = -3*p - p - d*r, -p + 3*r + 34 = 0. What are the prime factors of p?
2, 11
Let a(c) = c + 5. Suppose 0 = -8*o + 3*o - 2*j + 13, -3*o = -4*j - 13. What are the prime factors of a(o)?
2
Suppose -10*o - 4055 = -15*o. List the prime factors of o.
811
Let j = 52 - -184. What are the prime factors of j?
2, 59
Suppose 404*q - 409*q + 3825 = 0. List the prime factors of q.
3, 5, 17
Let f be (-2)/18*3*-12. List the prime factors of f + 38 - 1 - 3.
2, 19
Let a be (-209)/(-4) - (-8)/(-32). Let r be (0 + 1)/(4/a). Suppose r = 5*f - 2, w - 2*f - 17 = 0. List the prime factors of w.
23
Let p(k) = -k**3 + k**2 + 4. Let c be p(0). Suppose -c = -n - 0*n. Suppose n*g = -0*g + 128. What are the prime factors of g?
2
Let s(r) = -6*r - 6 + 9*r + r**2 - 6*r. Let l be s(5). Suppose 2*i = -2*u + l, 5*i + u - 42 = 4*u. List the prime factors of i.
2, 3
Let b = -1 + 10. Let v = b + 12. Let u = v + -14. What are the prime factors of u?
7
Let t = 8 - 4. Let i(m) = -5*m - 1 - 12*m - 14*m - t*m. What are the prime factors of i(-1)?
2, 17
Let p(z) = -z**2 - 8*z - 6. Let l be p(-7). Let i be (-1*l)/((-12)/24). Suppose -2*s - 5*r = -84, 5*s - 131 = i*s - 5*r. List the prime factors of s.
47
Let a be 0/((-1 + 2)/(-1)). Suppose 3*p + 6 = 2*h, a*h - h + 2*p + 1 = 0. Suppose 2*t - 6 = 2*b, t + 3*b = b + h. List the prime factors of t.
5
List the prime factors of (10/(-3))/(4/(-72)).
2, 3, 5
Suppose -38*d + 10557 = -45531. List the prime factors of d.
2, 3, 41
Suppose 5*b = p + 3*p - 1624, 5*p = b + 2009. Suppose 0 = 4*n - 283 - p. What are the prime factors of n?
3, 19
Let g = -5092 + 9256. List the prime factors of g.
2, 3, 347
Suppose 5*c = 3050 - 910. Suppose -4*i + 4*q + 576 + c = 0, 3*q = i - 251. List the prime factors of i.
251
Let b(z) = z**2 + 6*z + 13. Suppose 16 + 5 = -3*s. What are the prime factors of b(s)?
2, 5
Let d = 6 + -11. Let n(h) be the third derivative of h**5/60 + h**4/6 + 11*h**3/6 + 14*h**2. What are the prime factors of n(d)?
2
Let t = 5 + -18. Let m(f) = f**3 + 12*f**2 - 17*f - 1. List the prime factors of m(t).
3, 17
Let x(i) = i**2 - 4*i + 116. Let p(q) = q. Let g(s) = 5*p(s) + x(s). What are the prime factors of g(0)?
2, 29
Suppose -3944 = -15*i - 14*i. List the prime factors of i.
2, 17
Let j(t) = -13*t + 96. What are the prime factors of j(4)?
2, 11
List the prime factors of 2540/2 + -2 + (-3 - 0).
5, 11, 23
Let m be 3 - 1*(2 + 2). Let x be m*(1 + -2 + 10). Let a = 18 + x. What are the prime factors of a?
3
Let z(t) = -t**3 + 3*t**2 - t - 1. Suppose 4*r - 3*r - 3 = -2*d, 0 = -5*d + 2*r + 21. Let q be z(d). List the prime factors of (9*q)/(-1) - -2.
2, 19
Let z(i) = 18*i**2 - 2*i - 4. Let n be z(-2). Suppose -3*k + n = -0*k. List the prime factors of k.
2, 3
List the prime factors of (0 + 425)/((-13)/(-98 + -6)).
2, 5, 17
Let x = -5 + 7. Suppose p = -2*r + 3*r - 47, -2*p = -x. Suppose 4*c - r = -0*c. List the prime factors of c.
2, 3
Let l be (-8)/16 + 550/4. Suppose -4*r - t = -l, -5*r - t + 214 - 43 = 0. Suppose 0 = -3*z + z + r. What are the prime factors of z?
17
Suppose 5*r - 3*d = 79 + 99, d = 4. What are the prime factors of r?
2, 19
Suppose 5*l = 4*l + 326. What are the prime factors of l?
2, 163
Let o = 1854 - 601. List the prime factors of o.
7, 179
Let k be 245/6 - 2/(-12). Suppose 0 = -w - k + 137. List the prime factors of w.
2, 3
Let b(k) = -k**2 - k - 2. Let u be b(-2). Let s be (-2)/u*(-3 + 201). What are the prime factors of (-6)/(-21) + s/21?
5
Suppose -5*t + 68 = 4*j, -2 = 2*j - 4*t - 10. What are the prime factors of ((-31)/(-2) - (-6)/j) + -3?
13
Let t(q) = -q + 1. Let f be t(-4). Let z = 39 - f. Suppose 14 = -4*l + z. What are the prime factors of l?
5
Suppose -4*c = 2*g - 0*g - 30, -5*c + 41 = 3*g. Let q = g - 14. What are the prime factors of 44/3 - q/21?
3, 5
Let b = -31 - -37. Suppose b*l - 120 = 36. Suppose 144 + l = 5*z. What are the prime factors of z?
2, 17
Let m(y) = -10*y + 4. What are the prime factors of m(-15)?
2, 7, 11
Let z(y) = -19*y**3 - 2*y**2 + 2*y + 7. What are the prime factors of z(-2)?
3, 7
Let r = 21 + -19. Let a be r/(-4)*(-11 + 5). Suppose -15 = -8*k + a*k. List the prime factors of k.
3
Let y(g) = -2*g + 30. Let d be y(17). Let r(p) = -4*p**3 - 8*p**2 + 5*p + 8. List the prime factors of r(d).
2, 29
What are the prime factors of (-9542)/(-38) + (-10)/95?
251
Suppose -3*l - 456 = -5*l. Suppose -16*y = -20*y + l. What are the prime factors of y?
3, 19
Let o(l) = 569*l - 54. List the prime factors of o(6).
2, 3, 5, 7
Suppose 0*w - 16 = -4*h + 4*w, -3*w = -4*h + 16. Let s(v) be the first derivative of v**4/4 - 2*v**3/3 - 3*v**2/2 + 3*v + 2. What are the prime factors of s(h)?
23
Suppose -4*x + 36 = -3*z + z, z = 3*x - 20. What are the prime factors of ((-21)/z)/((-9)/(-528))?
2, 11
List the prime factors of 13/(-65)*(-18459 - 11).
2, 1847
Suppose -2*h - 302 = -44. Let u = h - -215. What are the prime factors of u?
2, 43
Let i(r) = 150*r - 56*r - 75 - 62*r. List the prime factors of i(12).
3, 103
Let m(h) = h**2 - 4. Let z be m(0). Let x be (10 + 4)*(-2)/z. List the prime factors of 89/2 + x/(-14).
2, 11
Let h = 9725 + -6816. List the prime factors of h.
2909
Let a(n) = n**2 - 3*n - 8. Let j(t) = -5*t**3 - 2*t**2 - 2. Let h be j(-2). Suppose 0 = -b - 4*b + h. List the prime factors of a(b).
2, 5
Let x = 37 + -41. Let c(k) = -22*k + 29. What are the prime factors of c(x)?
3, 13
Suppose -v - v = -42. Let g be (-621)/v + (-6)/14. Let j = 48 + g. What are the prime factors of j?
2, 3
Let c = 385 - 190. List the prime factors of c.
3, 5, 13
Let x = -133 + 136. Suppose 3*f - 2*f + 4*j - 42 = 0, x*j = -3. What are the prime factors of f?
2, 23
Let n = -1312 - -1866. List the prime factors of n.
2, 277
Let t = 256 - 139. Suppose -5*l + 884 = -3*a, 3*l - a - t - 411 = 0. What are the prime factors of l?
5, 7
Let g(z) = -3*z - 64. Let h(l) = -l - 16. Let w(i) = -6*g(i) + 26*h(i). What are the prime factors of w(-8)?
2
What are the prime factors of (876/(-8))/((-1)/(-20)*-3)?
2, 5, 73
Let u(f) = -3*f + 23. Let s be u(7). Suppose 4*v - 223 = y + 7, 5*v + s*y = 281. What are the prime factors of v?
3, 19
Let w be (6/(-5))/((-2)/5). Suppose -w*g - 13 = -4*g. Let y = 33 - g. List the prime factors of y.
2, 5
Suppose -100 = 5*y - 260. Let o = y + -57. What are the prime factors of (10/o)/((-1)/50)?
2, 5
Suppose -19*j = -18*j - n - 1568, -n = 0. List the prime factors of j.
2, 7
Let c(z) be the first derivative of z**3 + z**2/2 + z - 1. Let m = 222 - 223. What are the prime factors of c(m)?
3
Let x(j) = 3*j**2 - 15*j + 8 - 2 - 2. List the prime factors of x(6).
2, 11
Let a be ((-7)/(-21))/(2/12). Suppose -5*t + 2*y - 44 = -a*y, 3*t + 4*y + 20 = 0. Let o = 3 - t. What are the prime factors of o?
11
Suppose -4*d + d - b = 341, -2*b = -2. Let t = -21 - d. List the prime factors of t.
3, 31
Let l = 31 - 28. Suppose -2*b = -l*r - 89 +